{"id":7,"date":"2025-08-24T01:09:26","date_gmt":"2025-08-24T01:09:26","guid":{"rendered":"https:\/\/phukienmoto.com\/?page_id=7"},"modified":"2025-08-24T15:59:40","modified_gmt":"2025-08-24T15:59:40","slug":"gio-hang","status":"publish","type":"page","link":"https:\/\/motowolfvietnam.vn\/?page_id=7","title":{"rendered":"Gi\u1ecf h\u00e0ng"},"content":{"rendered":"\n<div data-block-name=\"woocommerce\/cart\" class=\"wp-block-woocommerce-cart alignwide is-loading\">\n<div data-block-name=\"woocommerce\/filled-cart-block\" class=\"wp-block-woocommerce-filled-cart-block\">\n<div data-block-name=\"woocommerce\/cart-items-block\" class=\"wp-block-woocommerce-cart-items-block\">\n<div data-block-name=\"woocommerce\/cart-line-items-block\" class=\"wp-block-woocommerce-cart-line-items-block\"><\/div>\n\n\n\n<div data-block-name=\"woocommerce\/cart-cross-sells-block\" class=\"wp-block-woocommerce-cart-cross-sells-block\">\n<h2 class=\"wp-block-heading has-large-font-size\">B\u1ea1n c\u00f3 th\u1ec3 quan t\u00e2m \u0111\u1ebfn\u2026<\/h2>\n\n\n\n<div data-block-name=\"woocommerce\/cart-cross-sells-products-block\" class=\"wp-block-woocommerce-cart-cross-sells-products-block\"><\/div>\n<\/div>\n<\/div>\n\n\n\n<div data-block-name=\"woocommerce\/cart-totals-block\" class=\"wp-block-woocommerce-cart-totals-block\">\n<div data-block-name=\"woocommerce\/cart-order-summary-block\" class=\"wp-block-woocommerce-cart-order-summary-block\">\n<div data-block-name=\"woocommerce\/cart-order-summary-heading-block\" class=\"wp-block-woocommerce-cart-order-summary-heading-block\"><\/div><div data-block-name=\"woocommerce\/cart-order-summary-coupon-form-block\" class=\"wp-block-woocommerce-cart-order-summary-coupon-form-block\"><\/div><div data-block-name=\"woocommerce\/cart-order-summary-totals-block\" class=\"wp-block-woocommerce-cart-order-summary-totals-block\">\n<div data-block-name=\"woocommerce\/cart-order-summary-subtotal-block\" class=\"wp-block-woocommerce-cart-order-summary-subtotal-block\"><\/div>\n<div data-block-name=\"woocommerce\/cart-order-summary-discount-block\" class=\"wp-block-woocommerce-cart-order-summary-discount-block\"><\/div>\n<div data-block-name=\"woocommerce\/cart-order-summary-fee-block\" class=\"wp-block-woocommerce-cart-order-summary-fee-block\"><\/div>\n<div data-block-name=\"woocommerce\/cart-order-summary-shipping-block\" class=\"wp-block-woocommerce-cart-order-summary-shipping-block\"><\/div>\n<div data-block-name=\"woocommerce\/cart-order-summary-taxes-block\" class=\"wp-block-woocommerce-cart-order-summary-taxes-block\"><\/div><\/div>\n<\/div>\n\n\n\n<div data-block-name=\"woocommerce\/cart-express-payment-block\" class=\"wp-block-woocommerce-cart-express-payment-block\"><\/div>\n\n\n\n<div data-block-name=\"woocommerce\/proceed-to-checkout-block\" class=\"wp-block-woocommerce-proceed-to-checkout-block\"><\/div>\n\n\n\n<div data-block-name=\"woocommerce\/cart-accepted-payment-methods-block\" class=\"wp-block-woocommerce-cart-accepted-payment-methods-block\"><\/div>\n<\/div>\n<\/div>\n\n\n\n<div data-block-name=\"woocommerce\/empty-cart-block\" class=\"wp-block-woocommerce-empty-cart-block\">\n<h2 class=\"wp-block-heading has-text-align-center with-empty-cart-icon wc-block-cart__empty-cart__title\">Gi\u1ecf h\u00e0ng hi\u1ec7n t\u1ea1i ch\u01b0a c\u00f3 s\u1ea3n ph\u1ea9m n\u00e0o!<\/h2>\n\n\n\n<hr class=\"wp-block-separator has-alpha-channel-opacity is-style-dots\"\/>\n\n\n\n<h2 class=\"wp-block-heading has-text-align-center\">M\u1edbi trong c\u1eeda h\u00e0ng<\/h2>\n\n\n<div data-block-name=\"woocommerce\/product-new\" data-columns=\"4\" data-rows=\"1\" class=\"wc-block-grid wp-block-product-new wp-block-woocommerce-product-new wc-block-product-new has-4-columns\"><ul class=\"wc-block-grid__products\"><li class=\"wc-block-grid__product\">\n\t\t\t\t<a href=\"https:\/\/motowolfvietnam.vn\/?product=tui-treo-hong-xe-may-chong-nuoc-motowolf-mdl-0715\" class=\"wc-block-grid__product-link\">\n\t\t\t\t\t<div class=\"wc-block-grid__product-onsale\">\n\t\t\t<span aria-hidden=\"true\">Khuy\u1ebfn m\u1ea1i<\/span>\n\t\t\t<span class=\"screen-reader-text\">S\u1ea3n ph\u1ea9m \u0111ang gi\u1ea3m gi\u00e1<\/span>\n\t\t<\/div>\n\t\t\t\t\t<div class=\"wc-block-grid__product-image\"><img loading=\"lazy\" decoding=\"async\" width=\"300\" height=\"300\" src=\"https:\/\/motowolfvietnam.vn\/wp-content\/uploads\/2025\/09\/O1CN01boSgM62NMhNBVfg2g_2425339949-0-cib-300x300.jpg\" class=\"attachment-woocommerce_thumbnail size-woocommerce_thumbnail\" alt=\"T\u00fai Treo H\u00f4ng Xe M\u00e1y Ch\u1ed1ng N\u01b0\u1edbc Motowolf MDL 0715\" srcset=\"https:\/\/motowolfvietnam.vn\/wp-content\/uploads\/2025\/09\/O1CN01boSgM62NMhNBVfg2g_2425339949-0-cib-300x300.jpg 300w, https:\/\/motowolfvietnam.vn\/wp-content\/uploads\/2025\/09\/O1CN01boSgM62NMhNBVfg2g_2425339949-0-cib-100x100.jpg 100w, https:\/\/motowolfvietnam.vn\/wp-content\/uploads\/2025\/09\/O1CN01boSgM62NMhNBVfg2g_2425339949-0-cib-600x600.jpg 600w, https:\/\/motowolfvietnam.vn\/wp-content\/uploads\/2025\/09\/O1CN01boSgM62NMhNBVfg2g_2425339949-0-cib-150x150.jpg 150w, https:\/\/motowolfvietnam.vn\/wp-content\/uploads\/2025\/09\/O1CN01boSgM62NMhNBVfg2g_2425339949-0-cib-768x768.jpg 768w, https:\/\/motowolfvietnam.vn\/wp-content\/uploads\/2025\/09\/O1CN01boSgM62NMhNBVfg2g_2425339949-0-cib.jpg 800w\" sizes=\"auto, (max-width: 300px) 100vw, 300px\" \/><\/div>\n\t\t\t\t\t<div class=\"wc-block-grid__product-title\">T\u00fai Treo H\u00f4ng Xe M\u00e1y Ch\u1ed1ng N\u01b0\u1edbc Motowolf MDL 0715<\/div>\n\t\t\t\t<\/a>\n\t\t\t\t<div class=\"wc-block-grid__product-price price\"><del aria-hidden=\"true\"><span class=\"woocommerce-Price-amount amount\">450.000&nbsp;<span class=\"woocommerce-Price-currencySymbol\">&#8363;<\/span><\/span><\/del> <span class=\"screen-reader-text\">Gi\u00e1 g\u1ed1c l\u00e0: 450.000&nbsp;&#8363;.<\/span><ins aria-hidden=\"true\"><span class=\"woocommerce-Price-amount amount\">350.000&nbsp;<span class=\"woocommerce-Price-currencySymbol\">&#8363;<\/span><\/span><\/ins><span class=\"screen-reader-text\">Gi\u00e1 hi\u1ec7n t\u1ea1i l\u00e0: 350.000&nbsp;&#8363;.<\/span><\/div>\n\t\t\t\t\n\t\t\t\t<div class=\"wp-block-button wc-block-grid__product-add-to-cart\"><a href=\"\/index.php?rest_route=%2Fwp%2Fv2%2Fpages%2F7&#038;add-to-cart=75\" aria-label=\"Th\u00eam v\u00e0o gi\u1ecf h\u00e0ng: &ldquo;T\u00fai Treo H\u00f4ng Xe M\u00e1y Ch\u1ed1ng N\u01b0\u1edbc Motowolf MDL 0715&rdquo;\" data-quantity=\"1\" data-product_id=\"75\" data-product_sku=\"\" data-price=\"350000\" rel=\"nofollow\" class=\"wp-block-button__link  add_to_cart_button ajax_add_to_cart\">Th\u00eam v\u00e0o gi\u1ecf h\u00e0ng<\/a><\/div>\n\t\t\t<\/li><li class=\"wc-block-grid__product\">\n\t\t\t\t<a href=\"https:\/\/motowolfvietnam.vn\/?product=kinh-day-motowolf-chinh-hang-gan-mu-bao-hiem_-kinh-cao-cao-motowolf\" class=\"wc-block-grid__product-link\">\n\t\t\t\t\t\n\t\t\t\t\t<div class=\"wc-block-grid__product-image\"><img loading=\"lazy\" decoding=\"async\" width=\"300\" height=\"300\" src=\"https:\/\/motowolfvietnam.vn\/wp-content\/uploads\/2025\/08\/o1cn0119cdqj2nmhqjzw8rl-2425339949-0-cib-500x500-1-300x300.jpg\" class=\"attachment-woocommerce_thumbnail size-woocommerce_thumbnail\" alt=\"K\u00ednh d\u00e2y Motowolf Ch\u00ednh H\u00e3ng G\u1eafn M\u0169 B\u1ea3o Hi\u1ec3m_ K\u00cdnh c\u00e0o c\u00e0o Motowolf\" srcset=\"https:\/\/motowolfvietnam.vn\/wp-content\/uploads\/2025\/08\/o1cn0119cdqj2nmhqjzw8rl-2425339949-0-cib-500x500-1-300x300.jpg 300w, https:\/\/motowolfvietnam.vn\/wp-content\/uploads\/2025\/08\/o1cn0119cdqj2nmhqjzw8rl-2425339949-0-cib-500x500-1-100x100.jpg 100w, https:\/\/motowolfvietnam.vn\/wp-content\/uploads\/2025\/08\/o1cn0119cdqj2nmhqjzw8rl-2425339949-0-cib-500x500-1-416x416.jpg 416w, https:\/\/motowolfvietnam.vn\/wp-content\/uploads\/2025\/08\/o1cn0119cdqj2nmhqjzw8rl-2425339949-0-cib-500x500-1-150x150.jpg 150w, https:\/\/motowolfvietnam.vn\/wp-content\/uploads\/2025\/08\/o1cn0119cdqj2nmhqjzw8rl-2425339949-0-cib-500x500-1.jpg 500w\" sizes=\"auto, (max-width: 300px) 100vw, 300px\" \/><\/div>\n\t\t\t\t\t<div class=\"wc-block-grid__product-title\">K\u00ednh d\u00e2y Motowolf Ch\u00ednh H\u00e3ng G\u1eafn M\u0169 B\u1ea3o Hi\u1ec3m_ K\u00cdnh c\u00e0o c\u00e0o Motowolf<\/div>\n\t\t\t\t<\/a>\n\t\t\t\t<div class=\"wc-block-grid__product-price price\"><span class=\"woocommerce-Price-amount amount\">252&nbsp;<span class=\"woocommerce-Price-currencySymbol\">&#8363;<\/span><\/span><\/div>\n\t\t\t\t\n\t\t\t\t<div class=\"wp-block-button wc-block-grid__product-add-to-cart\"><a href=\"\/index.php?rest_route=%2Fwp%2Fv2%2Fpages%2F7&#038;add-to-cart=63\" aria-label=\"Th\u00eam v\u00e0o gi\u1ecf h\u00e0ng: &ldquo;K\u00ednh d\u00e2y Motowolf Ch\u00ednh H\u00e3ng G\u1eafn M\u0169 B\u1ea3o Hi\u1ec3m_ K\u00cdnh c\u00e0o c\u00e0o Motowolf&rdquo;\" data-quantity=\"1\" data-product_id=\"63\" data-product_sku=\"\" data-price=\"252\" rel=\"nofollow\" class=\"wp-block-button__link  add_to_cart_button ajax_add_to_cart\">Th\u00eam v\u00e0o gi\u1ecf h\u00e0ng<\/a><\/div>\n\t\t\t<\/li><\/ul><\/div><\/div>\n<\/div>\n","protected":false},"excerpt":{"rendered":"","protected":false},"author":1,"featured_media":0,"parent":0,"menu_order":0,"comment_status":"closed","ping_status":"closed","template":"","meta":{"site-sidebar-layout":"default","site-content-layout":"","ast-site-content-layout":"default","site-content-style":"default","site-sidebar-style":"default","ast-global-header-display":"","ast-banner-title-visibility":"","ast-main-header-display":"","ast-hfb-above-header-display":"","ast-hfb-below-header-display":"","ast-hfb-mobile-header-display":"","site-post-title":"","ast-breadcrumbs-content":"","ast-featured-img":"","footer-sml-layout":"","theme-transparent-header-meta":"","adv-header-id-meta":"","stick-header-meta":"","header-above-stick-meta":"","header-main-stick-meta":"","header-below-stick-meta":"","astra-migrate-meta-layouts":"default","ast-page-background-enabled":"default","ast-page-background-meta":{"desktop":{"background-color":"var(--ast-global-color-5)","background-image":"","background-repeat":"repeat","background-position":"center center","background-size":"auto","background-attachment":"scroll","background-type":"","background-media":"","overlay-type":"","overlay-color":"","overlay-opacity":"","overlay-gradient":""},"tablet":{"background-color":"","background-image":"","background-repeat":"repeat","background-position":"center center","background-size":"auto","background-attachment":"scroll","background-type":"","background-media":"","overlay-type":"","overlay-color":"","overlay-opacity":"","overlay-gradient":""},"mobile":{"background-color":"","background-image":"","background-repeat":"repeat","background-position":"center center","background-size":"auto","background-attachment":"scroll","background-type":"","background-media":"","overlay-type":"","overlay-color":"","overlay-opacity":"","overlay-gradient":""}},"ast-content-background-meta":{"desktop":{"background-color":"var(--ast-global-color-4)","background-image":"","background-repeat":"repeat","background-position":"center center","background-size":"auto","background-attachment":"scroll","background-type":"","background-media":"","overlay-type":"","overlay-color":"","overlay-opacity":"","overlay-gradient":""},"tablet":{"background-color":"var(--ast-global-color-4)","background-image":"","background-repeat":"repeat","background-position":"center center","background-size":"auto","background-attachment":"scroll","background-type":"","background-media":"","overlay-type":"","overlay-color":"","overlay-opacity":"","overlay-gradient":""},"mobile":{"background-color":"var(--ast-global-color-4)","background-image":"","background-repeat":"repeat","background-position":"center center","background-size":"auto","background-attachment":"scroll","background-type":"","background-media":"","overlay-type":"","overlay-color":"","overlay-opacity":"","overlay-gradient":""}},"footnotes":""},"class_list":["post-7","page","type-page","status-publish","hentry"],"yoast_head":"<!-- This site is optimized with the Yoast SEO plugin v25.7 - https:\/\/yoast.com\/wordpress\/plugins\/seo\/ -->\n<title>Gi\u1ecf h\u00e0ng - Nh\u00e0 ph\u00e2n ph\u1ed1i Motowolf ch\u00ednh h\u00e3ng t\u1ea1i Vi\u1ec7t Nam. S\u1ec9 l\u1ebb li\u00ean h\u1ec7 0975834693(Ms Ng\u1ecdc)<\/title>\n<meta name=\"robots\" content=\"index, follow, max-snippet:-1, max-image-preview:large, max-video-preview:-1\" \/>\n<link rel=\"canonical\" href=\"https:\/\/phukienmoto.com\/?page_id=7\" \/>\n<meta property=\"og:locale\" content=\"vi_VN\" \/>\n<meta property=\"og:type\" content=\"article\" \/>\n<meta property=\"og:title\" content=\"Gi\u1ecf h\u00e0ng - Nh\u00e0 ph\u00e2n ph\u1ed1i Motowolf ch\u00ednh h\u00e3ng t\u1ea1i Vi\u1ec7t Nam. S\u1ec9 l\u1ebb li\u00ean h\u1ec7 0975834693(Ms Ng\u1ecdc)\" \/>\n<meta property=\"og:url\" content=\"https:\/\/phukienmoto.com\/?page_id=7\" \/>\n<meta property=\"og:site_name\" content=\"Nh\u00e0 ph\u00e2n ph\u1ed1i Motowolf ch\u00ednh h\u00e3ng t\u1ea1i Vi\u1ec7t Nam. S\u1ec9 l\u1ebb li\u00ean h\u1ec7 0975834693(Ms Ng\u1ecdc)\" \/>\n<meta property=\"article:modified_time\" content=\"2025-08-24T15:59:40+00:00\" \/>\n<meta name=\"twitter:card\" content=\"summary_large_image\" \/>\n<script type=\"application\/ld+json\" class=\"yoast-schema-graph\">{\"@context\":\"https:\/\/schema.org\",\"@graph\":[{\"@type\":\"WebPage\",\"@id\":\"https:\/\/phukienmoto.com\/?page_id=7\",\"url\":\"https:\/\/phukienmoto.com\/?page_id=7\",\"name\":\"Gi\u1ecf h\u00e0ng - Nh\u00e0 ph\u00e2n ph\u1ed1i Motowolf ch\u00ednh h\u00e3ng t\u1ea1i Vi\u1ec7t Nam. S\u1ec9 l\u1ebb li\u00ean h\u1ec7 0975834693(Ms Ng\u1ecdc)\",\"isPartOf\":{\"@id\":\"https:\/\/motowolfvietnam.vn\/#website\"},\"datePublished\":\"2025-08-24T01:09:26+00:00\",\"dateModified\":\"2025-08-24T15:59:40+00:00\",\"breadcrumb\":{\"@id\":\"https:\/\/phukienmoto.com\/?page_id=7#breadcrumb\"},\"inLanguage\":\"vi\",\"potentialAction\":[{\"@type\":\"ReadAction\",\"target\":[\"https:\/\/phukienmoto.com\/?page_id=7\"]}]},{\"@type\":\"BreadcrumbList\",\"@id\":\"https:\/\/phukienmoto.com\/?page_id=7#breadcrumb\",\"itemListElement\":[{\"@type\":\"ListItem\",\"position\":1,\"name\":\"Trang ch\u1ee7\",\"item\":\"https:\/\/motowolfvietnam.vn\/\"},{\"@type\":\"ListItem\",\"position\":2,\"name\":\"Gi\u1ecf h\u00e0ng\"}]},{\"@type\":\"WebSite\",\"@id\":\"https:\/\/motowolfvietnam.vn\/#website\",\"url\":\"https:\/\/motowolfvietnam.vn\/\",\"name\":\"Nh\u00e0 ph\u00e2n ph\u1ed1i Motowolf ch\u00ednh h\u00e3ng t\u1ea1i Vi\u1ec7t Nam. S\u1ec9 l\u1ebb li\u00ean h\u1ec7 0975834693(Ms Ng\u1ecdc)\",\"description\":\"\",\"potentialAction\":[{\"@type\":\"SearchAction\",\"target\":{\"@type\":\"EntryPoint\",\"urlTemplate\":\"https:\/\/motowolfvietnam.vn\/?s={search_term_string}\"},\"query-input\":{\"@type\":\"PropertyValueSpecification\",\"valueRequired\":true,\"valueName\":\"search_term_string\"}}],\"inLanguage\":\"vi\"}]}<\/script>\n<!-- \/ Yoast SEO plugin. -->","yoast_head_json":{"title":"Gi\u1ecf h\u00e0ng - Nh\u00e0 ph\u00e2n ph\u1ed1i Motowolf ch\u00ednh h\u00e3ng t\u1ea1i Vi\u1ec7t Nam. S\u1ec9 l\u1ebb li\u00ean h\u1ec7 0975834693(Ms Ng\u1ecdc)","robots":{"index":"index","follow":"follow","max-snippet":"max-snippet:-1","max-image-preview":"max-image-preview:large","max-video-preview":"max-video-preview:-1"},"canonical":"https:\/\/phukienmoto.com\/?page_id=7","og_locale":"vi_VN","og_type":"article","og_title":"Gi\u1ecf h\u00e0ng - Nh\u00e0 ph\u00e2n ph\u1ed1i Motowolf ch\u00ednh h\u00e3ng t\u1ea1i Vi\u1ec7t Nam. S\u1ec9 l\u1ebb li\u00ean h\u1ec7 0975834693(Ms Ng\u1ecdc)","og_url":"https:\/\/phukienmoto.com\/?page_id=7","og_site_name":"Nh\u00e0 ph\u00e2n ph\u1ed1i Motowolf ch\u00ednh h\u00e3ng t\u1ea1i Vi\u1ec7t Nam. S\u1ec9 l\u1ebb li\u00ean h\u1ec7 0975834693(Ms Ng\u1ecdc)","article_modified_time":"2025-08-24T15:59:40+00:00","twitter_card":"summary_large_image","schema":{"@context":"https:\/\/schema.org","@graph":[{"@type":"WebPage","@id":"https:\/\/phukienmoto.com\/?page_id=7","url":"https:\/\/phukienmoto.com\/?page_id=7","name":"Gi\u1ecf h\u00e0ng - Nh\u00e0 ph\u00e2n ph\u1ed1i Motowolf ch\u00ednh h\u00e3ng t\u1ea1i Vi\u1ec7t Nam. S\u1ec9 l\u1ebb li\u00ean h\u1ec7 0975834693(Ms Ng\u1ecdc)","isPartOf":{"@id":"https:\/\/motowolfvietnam.vn\/#website"},"datePublished":"2025-08-24T01:09:26+00:00","dateModified":"2025-08-24T15:59:40+00:00","breadcrumb":{"@id":"https:\/\/phukienmoto.com\/?page_id=7#breadcrumb"},"inLanguage":"vi","potentialAction":[{"@type":"ReadAction","target":["https:\/\/phukienmoto.com\/?page_id=7"]}]},{"@type":"BreadcrumbList","@id":"https:\/\/phukienmoto.com\/?page_id=7#breadcrumb","itemListElement":[{"@type":"ListItem","position":1,"name":"Trang ch\u1ee7","item":"https:\/\/motowolfvietnam.vn\/"},{"@type":"ListItem","position":2,"name":"Gi\u1ecf h\u00e0ng"}]},{"@type":"WebSite","@id":"https:\/\/motowolfvietnam.vn\/#website","url":"https:\/\/motowolfvietnam.vn\/","name":"Nh\u00e0 ph\u00e2n ph\u1ed1i Motowolf ch\u00ednh h\u00e3ng t\u1ea1i Vi\u1ec7t Nam. S\u1ec9 l\u1ebb li\u00ean h\u1ec7 0975834693(Ms Ng\u1ecdc)","description":"","potentialAction":[{"@type":"SearchAction","target":{"@type":"EntryPoint","urlTemplate":"https:\/\/motowolfvietnam.vn\/?s={search_term_string}"},"query-input":{"@type":"PropertyValueSpecification","valueRequired":true,"valueName":"search_term_string"}}],"inLanguage":"vi"}]}},"_links":{"self":[{"href":"https:\/\/motowolfvietnam.vn\/index.php?rest_route=\/wp\/v2\/pages\/7","targetHints":{"allow":["GET"]}}],"collection":[{"href":"https:\/\/motowolfvietnam.vn\/index.php?rest_route=\/wp\/v2\/pages"}],"about":[{"href":"https:\/\/motowolfvietnam.vn\/index.php?rest_route=\/wp\/v2\/types\/page"}],"author":[{"embeddable":true,"href":"https:\/\/motowolfvietnam.vn\/index.php?rest_route=\/wp\/v2\/users\/1"}],"replies":[{"embeddable":true,"href":"https:\/\/motowolfvietnam.vn\/index.php?rest_route=%2Fwp%2Fv2%2Fcomments&post=7"}],"version-history":[{"count":1,"href":"https:\/\/motowolfvietnam.vn\/index.php?rest_route=\/wp\/v2\/pages\/7\/revisions"}],"predecessor-version":[{"id":62,"href":"https:\/\/motowolfvietnam.vn\/index.php?rest_route=\/wp\/v2\/pages\/7\/revisions\/62"}],"wp:attachment":[{"href":"https:\/\/motowolfvietnam.vn\/index.php?rest_route=%2Fwp%2Fv2%2Fmedia&parent=7"}],"curies":[{"name":"wp","href":"https:\/\/api.w.org\/{rel}","templated":true}]}}